e the remainder when 255*((-26)/(-6) + -19 + 225/15) is divided by 39.
7
Calculate the remainder when (13 - 376/24)*(-642)/8 is divided by 19.
5
Let d = -13 - -114. Calculate the remainder when d - (3 + 3) - 6 is divided by 13.
11
Suppose -3*h - 14 = -4*c - 122, 4*h = 5*c + 143. What is the remainder when 201 is divided by h/176 - 920/(-22)?
33
Let d(h) = 25*h - 165. Calculate the remainder when d(22) is divided by 57.
43
Suppose 72 = x - 4*g, 5*x + 7 = -4*g + 391. Let y = -69 + x. Let a(m) = -m**2 - m + 20. Calculate the remainder when a(0) is divided by y.
6
Suppose 5917 = -88*c + 23429. What is the remainder when c is divided by 2/((-2)/(-31)) + (-6 - -4)?
25
Let z = 8669 - 7288. What is the remainder when 5535 is divided by z?
11
Let s(o) = 22*o**2 + 23. Let u = 95 + -91. Calculate the remainder when s(u) is divided by 54.
51
Calculate the remainder when 2935 is divided by (452/(-40) - -10)/(2/(-20)).
10
Let k = -282 + 374. Suppose 0*v - 8 = -4*v. Suppose -2*t + 22 - 4 = -5*r, -42 = -v*t - r. Calculate the remainder when k is divided by t.
16
Suppose -21 = 5*n - 6, -h + 3*n + 5 = 0. Let j(i) = -3*i**3 - 8*i**2 + 11*i + 12. What is the remainder when 90 is divided by j(h)?
26
Let v = -28140 + 28305. Calculate the remainder when v is divided by (-4)/(-6) - (-70)/3.
21
Let q(l) = -6*l**3 - 4*l**2 + 49*l + 145. Calculate the remainder when q(-3) is divided by 36.
16
Let b be 52/208 + (-3566)/(-8). Let x = 656 - b. Calculate the remainder when x is divided by 9.
3
Let b = -77 - -142. Let k(z) = -2*z**2 + 22*z - 15. Let s be k(14). Calculate the remainder when b is divided by s*((-16)/16 - (-4)/6).
32
Let l = -201 + 206. Suppose 3*b = -l*p + 153, 11*b - 4*p + 51 = 12*b. What is the remainder when b is divided by 15?
6
Let j be (3/2)/(9/24). Let c = -14 + 15. Suppose h - j - c = 0. What is the remainder when 8 is divided by h?
3
Suppose 968 = 4*n - 4*t, -26*t = -22*t. Calculate the remainder when n is divided by 69.
35
Let f = -10814 + 11868. What is the remainder when f is divided by 132?
130
Suppose 14 + 121 = 5*h. What is the remainder when 1 + 9 + 462 + -338 is divided by h?
26
Let k(o) = -o**2 - 69*o - 1112. Calculate the remainder when 878 is divided by k(-27).
20
Suppose -109*d - 9842 = -116*d. Suppose d = 13*r + 314. Calculate the remainder when r is divided by 11.
7
Suppose 14*b = 19*b - 3*r - 3495, 5*b = 2*r + 3490. What is the remainder when b is divided by 46?
6
Let r = -146 - -218. Suppose -11*c + r = -16. What is the remainder when 29 is divided by c?
5
Let d = 244 - 244. Suppose 101 = 4*j + 3*u, -108 = -4*j + 4*u - d*u. What is the remainder when 66 is divided by j?
14
What is the remainder when 3749 is divided by 1/(-13) + ((-2041)/(-169) - 2/2)?
9
What is the remainder when 1151 is divided by (2/4)/((-3)/21*9/(-90))?
31
Let f = -31 - 251. Let i = -251 - f. Calculate the remainder when i is divided by 7.
3
Suppose -419*z - 77 - 22 = -422*z. Calculate the remainder when 419 is divided by z.
23
Let i(g) = -13*g**2 + 76*g - 25. Calculate the remainder when 904 is divided by i(4).
52
Let w(a) = 3*a**2 - 11*a + 12. Let r be w(2). Calculate the remainder when (1*(-1)/r)/((-8)/720) is divided by 2.
1
Suppose -3*c = -3*v, -c - v - 8 = -6*v. Calculate the remainder when 6 + (98/4 - (36/(-8) - -4)) is divided by c.
1
Let q(z) = -61*z + 3712. Let d(h) = -h**2 + 10*h + 2. Let c be ((-56)/12)/(2/(-3)). Calculate the remainder when q(59) is divided by d(c).
21
Let a(b) = 3*b**2 + 24*b - 3. Let q be a(-8). Let z be (q/(-2))/(5/(-10)). Calculate the remainder when (z + 19)*(6 + -4) is divided by 11.
10
Suppose -4*j + 100 + 36 = 0. Let t = -49 + j. Calculate the remainder when 18 is divided by (-1)/5 - 153/t.
8
Suppose 612 = 31*l - 14*l + 34*l. Suppose 88 = 2*b - 118. Calculate the remainder when b is divided by l.
7
Let g = -15303 + 15330. Calculate the remainder when 3938 is divided by g.
23
Let v(p) = -2*p**2 - 55*p + 93. Let j(f) = -f**3 - 23*f**2 - 3*f - 98. Let r be j(-23). What is the remainder when 172 is divided by v(r)?
4
Let q(v) = v**2 - 8*v - 49. Let i be (-13)/((-1)/(-1)) + (-40 - -41). What is the remainder when q(i) is divided by 6?
5
Suppose 5*y = -2*a + 13, 5 = y + 10*a - 12*a. What is the remainder when 7 is divided by y?
1
Let w be -1*(-1)/((-2)/(-28)). Suppose w*d - 9*d = 1500. Calculate the remainder when 49 is divided by (2/(-4))/(-1 + 294/d).
24
Let u = -84 - -154. Suppose -19 = -5*m + 71. Calculate the remainder when u is divided by m.
16
Let s = -3 + 6. Suppose -3*r + 46 = d - 0*d, s*d = 2*r + 127. Calculate the remainder when d is divided by (16 - (-2142)/(-108))/((-2)/12).
20
Suppose 0 = -9*g + 5*q + 1381, -94*q + 93*q + 439 = 3*g. Calculate the remainder when g is divided by 36.
5
Let p = -164 + 169. Let z(m) = 23*m + 11. Calculate the remainder when z(p) is divided by 26.
22
Let i = -20 + 21. What is the remainder when -29 + 22 - (-89 - 4) is divided by ((-46)/(-8))/(i/4)?
17
Suppose -49906 = -182*b - 15144. What is the remainder when 785 is divided by b?
21
Let z = 14 - 11. Suppose -5*m - 5 = k + 5, 3*k + 2 = -m. Suppose -2*x + k*x - t + 145 = 0, 0 = z*x - t - 220. What is the remainder when x is divided by 15?
13
Let y be (160/(-56))/(9/(-63)). Suppose -y*c + 16*c + 2952 = 0. What is the remainder when c is divided by 13?
10
Suppose 8*c + 36*c + 13*c = 129048. What is the remainder when c is divided by 18?
14
Let k(g) = -7*g + 727. What is the remainder when 176 is divided by k(80)?
9
Let u(l) = -48*l + 103*l - 93 - 47*l - 36. Let a = 91 + -64. Calculate the remainder when a is divided by u(18).
12
Let n = -32 - -40. Suppose z = 20 - n. Suppose -5*a = -28 - z. What is the remainder when 14 is divided by a?
6
Suppose 1639*b + 768*b - 531*b - 527156 = 0. Let m = 93 + -22. What is the remainder when b is divided by m?
68
Let v = -78 - -87. Let b(g) = -g + 7. Let z be b(v). Let w(a) = 3*a**3 + 9*a**2 + a + 1. What is the remainder when w(z) is divided by 8?
3
Suppose j = 3*b - 104, 9*j + 2*b = 4*j - 486. Let a be (-168)/j*42/4. What is the remainder when 179 is divided by 544/18 + (-4)/a?
29
What is the remainder when 24/(-28)*(1 - (-17545)/(-10)) is divided by 43?
41
Suppose 11*x - 8*x = 0. Suppose 3*q - 45 + 9 = x. Let a = -1 + 4. Calculate the remainder when q is divided by a.
0
Let k(h) = -h**3 - 14*h**2 - 18*h - 14. Suppose 2*v + 8 = 96. Suppose -i + v - 57 = 0. Calculate the remainder when k(i) is divided by 13.
12
Let t(v) be the second derivative of 1/10*v**5 - 1/2*v**2 + 2/3*v**3 + 0 - 17*v - 5/6*v**4. What is the remainder when 111 is divided by t(5)?
16
Suppose 2*h + 2*h - 24 = 0. What is the remainder when 3/(-6) - 3/(-6) - -62 is divided by h?
2
Suppose 15*c - 2167 = -19*c + 2355. What is the remainder when c is divided by 13?
3
What is the remainder when 262 is divided by -28*(14/1)/(-28)?
10
What is the remainder when 643 is divided by (-7 - (-2358)/42)/((-6)/(-21))?
127
Suppose 75*p = 79*p + 88. Let q(z) = -15*z - 32. What is the remainder when q(p) is divided by 50?
48
Let n be (-2)/(1575/(-198) + 8). Let g = n - -271. Calculate the remainder when g is divided by 23.
20
Let n = -360 + -300. Let t = n + 705. Calculate the remainder when 399 is divided by t.
39
Let b = -4 - -7. Suppose -b*w + 0*w = -5*d + 80, 4*d - 3*w - 67 = 0. What is the remainder when 60*3/(-4)*-2 is divided by d?
12
Suppose 2574 = -14*f - 4*f. What is the remainder when 2095/13 + 22/f + -1 is divided by 23?
22
What is the remainder when -5 + 3 + 0*7/(-49) - -2495 is divided by 49?
43
Let z(p) = 490*p + 70. Let s be z(-1). Let d = -24 + 54. Calculate the remainder when d*((-552)/s - 4/(-14)) is divided by 13.
9
Let m(f) be the third derivative of f**5/60 + 3*f**4/8 + 10*f**3/3 - 139*f**2. Calculate the remainder when 9 is divided by m(-7).
3
Let j(p) = p**2 + 5*p - 65. Let s be j(-12). Let i = -1 + s. What is the remainder when 161 is divided by i?
17
Let l(z) = 204 + 13 - 2*z + 9*z - 9*z. What is the remainder when l(35) is divided by 26?
17
Suppose -117 = -4*f - 73. Suppose -l + 3*q + 38 = 0, f*l + 125 = 16*l - 2*q. What is the remainder when 6*(25/3 + -1) is divided by l?
21
Let q = -66 - -55. Let k(g) = 4*g**2 - 9*g + 1. Let b(c) = 5*c**2 - 9*c + 2. Let w(z) = 5*b(z) - 6*k(z). Calculate the remainder when w(q) is divided by 7